{"id":6775,"date":"2026-03-24T12:39:31","date_gmt":"2026-03-24T11:39:31","guid":{"rendered":"https:\/\/www.fol49.org\/laligue49\/?page_id=6775"},"modified":"2026-03-24T12:42:07","modified_gmt":"2026-03-24T11:42:07","slug":"pause-meridienne","status":"publish","type":"page","link":"https:\/\/www.fol49.org\/laligue49\/pause-meridienne\/","title":{"rendered":"Pause meridienne"},"content":{"rendered":"\t\t<div data-elementor-type=\"wp-page\" data-elementor-id=\"6775\" class=\"elementor elementor-6775\">\n\t\t\t\t\t\t<section class=\"elementor-section elementor-top-section elementor-element elementor-element-aa4286e elementor-section-boxed elementor-section-height-default elementor-section-height-default\" data-id=\"aa4286e\" data-element_type=\"section\" data-e-type=\"section\">\n\t\t\t\t\t\t<div class=\"elementor-container elementor-column-gap-default\">\n\t\t\t\t\t<div class=\"elementor-column elementor-col-100 elementor-top-column elementor-element elementor-element-b8208de\" data-id=\"b8208de\" data-element_type=\"column\" data-e-type=\"column\">\n\t\t\t<div class=\"elementor-widget-wrap elementor-element-populated\">\n\t\t\t\t\t\t<div class=\"elementor-element elementor-element-d4e62ee elementor-widget elementor-widget-image\" data-id=\"d4e62ee\" data-element_type=\"widget\" data-e-type=\"widget\" data-widget_type=\"image.default\">\n\t\t\t\t<div class=\"elementor-widget-container\">\n\t\t\t\t\t\t\t\t\t\t\t\t\t\t\t<img decoding=\"async\" width=\"650\" height=\"23\" src=\"https:\/\/www.fol49.org\/laligue49\/wp-content\/uploads\/2021\/09\/bandeau-FCC_Plan-de-travail-1.jpg\" class=\"attachment-large size-large wp-image-4983\" alt=\"\" srcset=\"https:\/\/www.fol49.org\/laligue49\/wp-content\/uploads\/2021\/09\/bandeau-FCC_Plan-de-travail-1.jpg 700w, https:\/\/www.fol49.org\/laligue49\/wp-content\/uploads\/2021\/09\/bandeau-FCC_Plan-de-travail-1-300x11.jpg 300w\" sizes=\"(max-width: 650px) 100vw, 650px\" \/>\t\t\t\t\t\t\t\t\t\t\t\t\t\t\t<\/div>\n\t\t\t\t<\/div>\n\t\t\t\t<div class=\"elementor-element elementor-element-22ab098 elementor-widget elementor-widget-image\" data-id=\"22ab098\" data-element_type=\"widget\" data-e-type=\"widget\" data-widget_type=\"image.default\">\n\t\t\t\t<div class=\"elementor-widget-container\">\n\t\t\t\t\t\t\t\t\t\t\t\t\t\t\t<img fetchpriority=\"high\" decoding=\"async\" width=\"650\" height=\"329\" src=\"https:\/\/www.fol49.org\/laligue49\/wp-content\/uploads\/2026\/03\/Restauration-scolaire-photographe-Benoit-Debuisser-e1774351264844-1024x519.jpg\" class=\"attachment-large size-large wp-image-6777\" alt=\"\" srcset=\"https:\/\/www.fol49.org\/laligue49\/wp-content\/uploads\/2026\/03\/Restauration-scolaire-photographe-Benoit-Debuisser-e1774351264844-1024x519.jpg 1024w, https:\/\/www.fol49.org\/laligue49\/wp-content\/uploads\/2026\/03\/Restauration-scolaire-photographe-Benoit-Debuisser-e1774351264844-300x152.jpg 300w, https:\/\/www.fol49.org\/laligue49\/wp-content\/uploads\/2026\/03\/Restauration-scolaire-photographe-Benoit-Debuisser-e1774351264844-768x389.jpg 768w, https:\/\/www.fol49.org\/laligue49\/wp-content\/uploads\/2026\/03\/Restauration-scolaire-photographe-Benoit-Debuisser-e1774351264844-1536x778.jpg 1536w, https:\/\/www.fol49.org\/laligue49\/wp-content\/uploads\/2026\/03\/Restauration-scolaire-photographe-Benoit-Debuisser-e1774351264844-2048x1038.jpg 2048w\" sizes=\"(max-width: 650px) 100vw, 650px\" \/>\t\t\t\t\t\t\t\t\t\t\t\t\t\t\t<\/div>\n\t\t\t\t<\/div>\n\t\t\t\t\t<\/div>\n\t\t<\/div>\n\t\t\t\t\t<\/div>\n\t\t<\/section>\n\t\t\t\t<section class=\"elementor-section elementor-top-section elementor-element elementor-element-9bb6c7e elementor-section-boxed elementor-section-height-default elementor-section-height-default\" data-id=\"9bb6c7e\" data-element_type=\"section\" data-e-type=\"section\">\n\t\t\t\t\t\t<div class=\"elementor-container elementor-column-gap-default\">\n\t\t\t\t\t<div class=\"elementor-column elementor-col-100 elementor-top-column elementor-element elementor-element-0bea747\" data-id=\"0bea747\" data-element_type=\"column\" data-e-type=\"column\">\n\t\t\t<div class=\"elementor-widget-wrap elementor-element-populated\">\n\t\t\t\t\t\t<div class=\"elementor-element elementor-element-e5d6be2 elementor-widget elementor-widget-heading\" data-id=\"e5d6be2\" data-element_type=\"widget\" data-e-type=\"widget\" data-widget_type=\"heading.default\">\n\t\t\t\t<div class=\"elementor-widget-container\">\n\t\t\t\t\t<h3 class=\"elementor-heading-title elementor-size-default\">LA PAUSE M\u00c9RIDIENNE : UN TEMPS \u00c9DUCATIF A PART ENTI\u00c8RE<\/h3>\t\t\t\t<\/div>\n\t\t\t\t<\/div>\n\t\t\t\t\t<\/div>\n\t\t<\/div>\n\t\t\t\t\t<\/div>\n\t\t<\/section>\n\t\t\t\t<section class=\"elementor-section elementor-top-section elementor-element elementor-element-1034055 elementor-section-boxed elementor-section-height-default elementor-section-height-default\" data-id=\"1034055\" data-element_type=\"section\" data-e-type=\"section\">\n\t\t\t\t\t\t<div class=\"elementor-container elementor-column-gap-default\">\n\t\t\t\t\t<div class=\"elementor-column elementor-col-100 elementor-top-column elementor-element elementor-element-97ca79e\" data-id=\"97ca79e\" data-element_type=\"column\" data-e-type=\"column\">\n\t\t\t<div class=\"elementor-widget-wrap elementor-element-populated\">\n\t\t\t\t\t\t<div class=\"elementor-element elementor-element-4159fe5 elementor-widget elementor-widget-text-editor\" data-id=\"4159fe5\" data-element_type=\"widget\" data-e-type=\"widget\" data-widget_type=\"text-editor.default\">\n\t\t\t\t<div class=\"elementor-widget-container\">\n\t\t\t\t\t\t\t\t\t<p>La formation \u00ab Pause m\u00e9ridienne \u00bb s\u2019inscrit dans une r\u00e9flexion globale sur le temps du midi, devenu un v\u00e9ritable enjeu \u00e9ducatif, social et de sant\u00e9. Depuis plusieurs d\u00e9cennies, la Ligue s\u2019est progressivement empar\u00e9e des questions de restauration collective, consciente de leur impact sur le bien-\u00eatre des enfants et des jeunes. D\u00e8s les ann\u00e9es 1980-1990, elle a commenc\u00e9 \u00e0 d\u00e9velopper des actions autour de l\u2019\u00e9ducation \u00e0 l\u2019alimentation, de la qualit\u00e9 des repas et des conditions d\u2019accueil sur le temps m\u00e9ridien. Aujourd\u2019hui, cet engagement s\u2019est renforc\u00e9 pour faire de la pause d\u00e9jeuner un moment \u00e9ducatif \u00e0 part enti\u00e8re, favorisant \u00e0 la fois la convivialit\u00e9, l\u2019autonomie et l\u2019apprentissage du vivre-ensemble. Cette formation vise ainsi \u00e0 accompagner les professionnels dans la mise en place de pratiques adapt\u00e9es, coh\u00e9rentes et porteuses de sens.<\/p><p>La pause m\u00e9ridienne ne se limite pas au temps du repas. Elle constitue un v\u00e9ritable espace \u00e9ducatif, au croisement d\u2019enjeux alimentaires, sociaux, \u00e9ducatifs et environnementaux.<br \/>Les collectivit\u00e9s locales et les \u00e9quipes \u00e9ducatives y jouent un r\u00f4le cl\u00e9 pour favoriser le bien-\u00eatre, la citoyennet\u00e9 et la r\u00e9ussite de tous les enfants.<\/p>\t\t\t\t\t\t\t\t<\/div>\n\t\t\t\t<\/div>\n\t\t\t\t\t<\/div>\n\t\t<\/div>\n\t\t\t\t\t<\/div>\n\t\t<\/section>\n\t\t\t\t<section class=\"elementor-section elementor-top-section elementor-element elementor-element-2a05553 elementor-section-boxed elementor-section-height-default elementor-section-height-default\" data-id=\"2a05553\" data-element_type=\"section\" data-e-type=\"section\">\n\t\t\t\t\t\t<div class=\"elementor-container elementor-column-gap-default\">\n\t\t\t\t\t<div class=\"elementor-column elementor-col-100 elementor-top-column elementor-element elementor-element-15ff727\" data-id=\"15ff727\" data-element_type=\"column\" data-e-type=\"column\">\n\t\t\t<div class=\"elementor-widget-wrap elementor-element-populated\">\n\t\t\t\t\t\t<div class=\"elementor-element elementor-element-657689e elementor-widget elementor-widget-text-editor\" data-id=\"657689e\" data-element_type=\"widget\" data-e-type=\"widget\" data-widget_type=\"text-editor.default\">\n\t\t\t\t<div class=\"elementor-widget-container\">\n\t\t\t\t\t\t\t\t\t<h4><strong><u>Les enjeux de la pause m\u00e9ridienne pour les enfants<\/u><\/strong><\/h4><ul><li>Se restaurer\u00a0: manger un repas \u00e9quilibr\u00e9, favorable \u00e0 la sant\u00e9 et bien pr\u00e9sent\u00e9. Le tout dans de bonnes conditions<\/li><li>Partager un moment convivial\u00a0: Discuter avec ses amis, jouer, s\u2019entraider, et faire l\u2019apprentissage du \u00ab\u00a0vivre-ensemble\u00a0\u00bb. Participer \u00e0 des activit\u00e9s ludiques<\/li><li>Aiguiser sa culture du go\u00fbt\u00a0: D\u00e9couvrir la diversit\u00e9 des aliments et d\u2019autres types d\u2019alimentation, appr\u00e9hender l\u2019\u00e9quilibre alimentaire, s\u2019exprimer sur ce que l\u2019on mange.<\/li><li>Se d\u00e9tendre et r\u00e9cup\u00e9rer avant le retour en classe\u00a0: se reposer, prendre le temps de \u00ab\u00a0ne rien faire\u00a0\u00bb, se ressourcer&#8230; pour retourner en classe dans de bonnes dispositions. Autant de questions qui n\u00e9cessitent une r\u00e9flexion globale et un accompagnement adapt\u00e9 des acteurs.<\/li><\/ul>\t\t\t\t\t\t\t\t<\/div>\n\t\t\t\t<\/div>\n\t\t\t\t\t<\/div>\n\t\t<\/div>\n\t\t\t\t\t<\/div>\n\t\t<\/section>\n\t\t\t\t<section class=\"elementor-section elementor-top-section elementor-element elementor-element-603f8c4 elementor-section-boxed elementor-section-height-default elementor-section-height-default\" data-id=\"603f8c4\" data-element_type=\"section\" data-e-type=\"section\">\n\t\t\t\t\t\t<div class=\"elementor-container elementor-column-gap-default\">\n\t\t\t\t\t<div class=\"elementor-column elementor-col-100 elementor-top-column elementor-element elementor-element-6efb686\" data-id=\"6efb686\" data-element_type=\"column\" data-e-type=\"column\">\n\t\t\t<div class=\"elementor-widget-wrap elementor-element-populated\">\n\t\t\t\t\t\t<div class=\"elementor-element elementor-element-8a20d32 elementor-tabs-view-horizontal elementor-widget elementor-widget-tabs\" data-id=\"8a20d32\" data-element_type=\"widget\" data-e-type=\"widget\" data-widget_type=\"tabs.default\">\n\t\t\t\t<div class=\"elementor-widget-container\">\n\t\t\t\t\t\t\t<div class=\"elementor-tabs\">\n\t\t\t<div class=\"elementor-tabs-wrapper\" role=\"tablist\" >\n\t\t\t\t\t\t\t\t\t<div id=\"elementor-tab-title-1441\" class=\"elementor-tab-title elementor-tab-desktop-title\" aria-selected=\"true\" data-tab=\"1\" role=\"tab\" tabindex=\"0\" aria-controls=\"elementor-tab-content-1441\" aria-expanded=\"false\">Notre accompagnement<\/div>\n\t\t\t\t\t\t\t\t\t<div id=\"elementor-tab-title-1442\" class=\"elementor-tab-title elementor-tab-desktop-title\" aria-selected=\"false\" data-tab=\"2\" role=\"tab\" tabindex=\"-1\" aria-controls=\"elementor-tab-content-1442\" aria-expanded=\"false\">Nos modalit\u00e9s d\u2019intervention<\/div>\n\t\t\t\t\t\t\t\t\t<div id=\"elementor-tab-title-1443\" class=\"elementor-tab-title elementor-tab-desktop-title\" aria-selected=\"false\" data-tab=\"3\" role=\"tab\" tabindex=\"-1\" aria-controls=\"elementor-tab-content-1443\" aria-expanded=\"false\">Nos formats de formation<\/div>\n\t\t\t\t\t\t\t\t\t<div id=\"elementor-tab-title-1444\" class=\"elementor-tab-title elementor-tab-desktop-title\" aria-selected=\"false\" data-tab=\"4\" role=\"tab\" tabindex=\"-1\" aria-controls=\"elementor-tab-content-1444\" aria-expanded=\"false\">Une d\u00e9marche d\u2019accompagnement en 3 \u00e9tapes<\/div>\n\t\t\t\t\t\t\t\t\t<div id=\"elementor-tab-title-1445\" class=\"elementor-tab-title elementor-tab-desktop-title\" aria-selected=\"false\" data-tab=\"5\" role=\"tab\" tabindex=\"-1\" aria-controls=\"elementor-tab-content-1445\" aria-expanded=\"false\">Publics concern\u00e9s<\/div>\n\t\t\t\t\t\t\t<\/div>\n\t\t\t<div class=\"elementor-tabs-content-wrapper\" role=\"tablist\" aria-orientation=\"vertical\">\n\t\t\t\t\t\t\t\t\t<div class=\"elementor-tab-title elementor-tab-mobile-title\" aria-selected=\"true\" data-tab=\"1\" role=\"tab\" tabindex=\"0\" aria-controls=\"elementor-tab-content-1441\" aria-expanded=\"false\">Notre accompagnement<\/div>\n\t\t\t\t\t<div id=\"elementor-tab-content-1441\" class=\"elementor-tab-content elementor-clearfix\" data-tab=\"1\" role=\"tabpanel\" aria-labelledby=\"elementor-tab-title-1441\" tabindex=\"0\" hidden=\"false\"><p>La Ligue de l\u2019enseignement du Maine-et-Loire accompagne les collectivit\u00e9s territoriales et les associations dans l\u2019organisation et l\u2019animation de la pause m\u00e9ridienne.<br \/>Nous proposons une approche globale \u00e0 travers le concept de :\u00a0\u00ab Restaurants d\u2019enfants et de jeunes \u00bb<\/p><ul><li>Bien accueillir<\/li><li>Bien nourrir<\/li><li>Bien \u00e9duquer<\/li><li>Bien g\u00e9rer<\/li><li>S\u2019inscrire dans la transition \u00e9cologique<\/li><li>Respecter le principe de la\u00efcit\u00e9<\/li><\/ul><\/div>\n\t\t\t\t\t\t\t\t\t<div class=\"elementor-tab-title elementor-tab-mobile-title\" aria-selected=\"false\" data-tab=\"2\" role=\"tab\" tabindex=\"-1\" aria-controls=\"elementor-tab-content-1442\" aria-expanded=\"false\">Nos modalit\u00e9s d\u2019intervention<\/div>\n\t\t\t\t\t<div id=\"elementor-tab-content-1442\" class=\"elementor-tab-content elementor-clearfix\" data-tab=\"2\" role=\"tabpanel\" aria-labelledby=\"elementor-tab-title-1442\" tabindex=\"0\" hidden=\"hidden\"><p>Nous intervenons pour :<\/p><ul><li>Informer et sensibiliser les diff\u00e9rents publics<\/li><li>Conseiller les partenaires<\/li><li>Former les acteurs<\/li><\/ul><\/div>\n\t\t\t\t\t\t\t\t\t<div class=\"elementor-tab-title elementor-tab-mobile-title\" aria-selected=\"false\" data-tab=\"3\" role=\"tab\" tabindex=\"-1\" aria-controls=\"elementor-tab-content-1443\" aria-expanded=\"false\">Nos formats de formation<\/div>\n\t\t\t\t\t<div id=\"elementor-tab-content-1443\" class=\"elementor-tab-content elementor-clearfix\" data-tab=\"3\" role=\"tabpanel\" aria-labelledby=\"elementor-tab-title-1443\" tabindex=\"0\" hidden=\"hidden\"><ol><li><strong>Formation d\u2019\u00e9quipes enti\u00e8res<\/strong><\/li><\/ol><ul><li>Travail collectif autour du projet de structure<\/li><li>Harmonisation des pratiques professionnelles<\/li><li>Construction d\u2019une organisation adapt\u00e9e<\/li><li>Accompagnement au changement<\/li><\/ul><ol start=\"2\"><li><strong>Formations par m\u00e9tier<\/strong><\/li><\/ol><ul><li>Adapt\u00e9es aux fonctions sp\u00e9cifiques<\/li><li>Renforcement des comp\u00e9tences professionnelles<\/li><li>Apports concrets pour le quotidien<\/li><\/ul><ol start=\"3\"><li><strong>Formations modulaires<\/strong><\/li><\/ol><ul><li>Accessibles \u00e0 tous les profils (m\u00e9tiers, statuts)<\/li><li>D\u00e9velopper ses connaissances et comp\u00e9tences sur des th\u00e9matiques sp\u00e9cifiques (ex : \u00e9ducation \u00e0 l\u2019alimentation)<\/li><\/ul><\/div>\n\t\t\t\t\t\t\t\t\t<div class=\"elementor-tab-title elementor-tab-mobile-title\" aria-selected=\"false\" data-tab=\"4\" role=\"tab\" tabindex=\"-1\" aria-controls=\"elementor-tab-content-1444\" aria-expanded=\"false\">Une d\u00e9marche d\u2019accompagnement en 3 \u00e9tapes<\/div>\n\t\t\t\t\t<div id=\"elementor-tab-content-1444\" class=\"elementor-tab-content elementor-clearfix\" data-tab=\"4\" role=\"tabpanel\" aria-labelledby=\"elementor-tab-title-1444\" tabindex=\"0\" hidden=\"hidden\"><ol><li><strong>Une formation sur-mesure<\/strong><\/li><\/ol><ul><li>Adapt\u00e9e aux besoins de la structure<\/li><li>Construction p\u00e9dagogique personnalis\u00e9e<\/li><li>Possibilit\u00e9 de mutualisation entre structures<\/li><\/ul><ol start=\"2\"><li><strong>Un temps sur place<\/strong><\/li><\/ol><ul><li>Formation dans les locaux<\/li><li>Prise en compte du contexte r\u00e9el<\/li><li>Participation facilit\u00e9e des \u00e9quipes<\/li><\/ul><ol start=\"3\"><li><strong>Suivi et \u00e9valuation<\/strong><\/li><\/ol><ul><li>Modules espac\u00e9s dans le temps<\/li><li>Mise en pratique et retours d\u2019exp\u00e9rience<\/li><li>Bilan et \u00e9valuation des impacts<\/li><\/ul><\/div>\n\t\t\t\t\t\t\t\t\t<div class=\"elementor-tab-title elementor-tab-mobile-title\" aria-selected=\"false\" data-tab=\"5\" role=\"tab\" tabindex=\"-1\" aria-controls=\"elementor-tab-content-1445\" aria-expanded=\"false\">Publics concern\u00e9s<\/div>\n\t\t\t\t\t<div id=\"elementor-tab-content-1445\" class=\"elementor-tab-content elementor-clearfix\" data-tab=\"5\" role=\"tabpanel\" aria-labelledby=\"elementor-tab-title-1445\" tabindex=\"0\" hidden=\"hidden\"><p>Nos actions s\u2019adressent \u00e0 une grande diversit\u00e9 d\u2019acteurs :<\/p><ul><li>\u00c9lus.es des collectivit\u00e9s<\/li><li>Responsables et directions de service<\/li><li>R\u00e9f\u00e9rents.es de site<\/li><li>ATSEM<\/li><li>Animateurs.trices<\/li><li>Agents de restauration collective (en cuisine et en salle)<\/li><\/ul><p>Nous favorisons la mixit\u00e9 des acteurs pour enrichir les pratiques et renforcer la coh\u00e9rence \u00e9ducative.<\/p><\/div>\n\t\t\t\t\t\t\t<\/div>\n\t\t<\/div>\n\t\t\t\t\t\t<\/div>\n\t\t\t\t<\/div>\n\t\t\t\t\t<\/div>\n\t\t<\/div>\n\t\t\t\t\t<\/div>\n\t\t<\/section>\n\t\t\t\t<\/div>\n\t\t","protected":false},"excerpt":{"rendered":"<p>LA PAUSE M\u00c9RIDIENNE : UN TEMPS \u00c9DUCATIF A PART ENTI\u00c8RE La formation \u00ab Pause m\u00e9ridienne \u00bb s\u2019inscrit dans une r\u00e9flexion globale sur le temps du midi, devenu un v\u00e9ritable enjeu \u00e9ducatif, social et de sant\u00e9. Depuis plusieurs d\u00e9cennies, la Ligue s\u2019est progressivement empar\u00e9e des questions de restauration collective, consciente de leur impact sur le bien-\u00eatre &#8230;<\/p>\n","protected":false},"author":1,"featured_media":0,"parent":0,"menu_order":0,"comment_status":"closed","ping_status":"closed","template":"","meta":{"jetpack_post_was_ever_published":false,"footnotes":""},"class_list":["post-6775","page","type-page","status-publish","hentry"],"jetpack_sharing_enabled":true,"jetpack_shortlink":"https:\/\/wp.me\/P8tWm3-1Lh","_links":{"self":[{"href":"https:\/\/www.fol49.org\/laligue49\/wp-json\/wp\/v2\/pages\/6775","targetHints":{"allow":["GET"]}}],"collection":[{"href":"https:\/\/www.fol49.org\/laligue49\/wp-json\/wp\/v2\/pages"}],"about":[{"href":"https:\/\/www.fol49.org\/laligue49\/wp-json\/wp\/v2\/types\/page"}],"author":[{"embeddable":true,"href":"https:\/\/www.fol49.org\/laligue49\/wp-json\/wp\/v2\/users\/1"}],"replies":[{"embeddable":true,"href":"https:\/\/www.fol49.org\/laligue49\/wp-json\/wp\/v2\/comments?post=6775"}],"version-history":[{"count":4,"href":"https:\/\/www.fol49.org\/laligue49\/wp-json\/wp\/v2\/pages\/6775\/revisions"}],"predecessor-version":[{"id":6781,"href":"https:\/\/www.fol49.org\/laligue49\/wp-json\/wp\/v2\/pages\/6775\/revisions\/6781"}],"wp:attachment":[{"href":"https:\/\/www.fol49.org\/laligue49\/wp-json\/wp\/v2\/media?parent=6775"}],"curies":[{"name":"wp","href":"https:\/\/api.w.org\/{rel}","templated":true}]}}