{"id":6068,"date":"2024-03-18T12:58:30","date_gmt":"2024-03-18T11:58:30","guid":{"rendered":"http:\/\/www.fol49.org\/laligue49\/?page_id=6068"},"modified":"2025-12-01T12:28:53","modified_gmt":"2025-12-01T11:28:53","slug":"mercredi-en-livre","status":"publish","type":"page","link":"https:\/\/www.fol49.org\/laligue49\/mercredi-en-livre\/","title":{"rendered":"Mercredi en livre"},"content":{"rendered":"\n<div class=\"wp-block-columns is-layout-flex wp-container-core-columns-is-layout-9d6595d7 wp-block-columns-is-layout-flex\">\n<div class=\"wp-block-column is-layout-flow wp-block-column-is-layout-flow\" style=\"flex-basis:66.66%\"><\/div>\n\n\n\n<div class=\"wp-block-column is-layout-flow wp-block-column-is-layout-flow\" style=\"flex-basis:33.33%\">\n<figure class=\"extendedwopts-md-right wp-block-image size-large\"><img fetchpriority=\"high\" decoding=\"async\" width=\"1024\" height=\"512\" src=\"https:\/\/www.fol49.org\/laligue49\/wp-content\/uploads\/2024\/03\/Logo-mercredi-en-livre-1024x512.jpg\" alt=\"\" class=\"wp-image-6073\" srcset=\"https:\/\/www.fol49.org\/laligue49\/wp-content\/uploads\/2024\/03\/Logo-mercredi-en-livre-1024x512.jpg 1024w, https:\/\/www.fol49.org\/laligue49\/wp-content\/uploads\/2024\/03\/Logo-mercredi-en-livre-300x150.jpg 300w, https:\/\/www.fol49.org\/laligue49\/wp-content\/uploads\/2024\/03\/Logo-mercredi-en-livre-768x384.jpg 768w, https:\/\/www.fol49.org\/laligue49\/wp-content\/uploads\/2024\/03\/Logo-mercredi-en-livre.jpg 1417w\" sizes=\"(max-width: 1024px) 100vw, 1024px\" \/><\/figure>\n<\/div>\n<\/div>\n\n\n\n<p>Forte de ses activit\u00e9s de promotion et de m\u00e9diation du livre jeunesse, la FOL49 met en place le Prix litt\u00e9raire \u00e0 destination des ACM de Maine-et-Loire.<\/p>\n\n\n\n<p>L&#8217;\u00e9dition 2026 est ouverte \u00e0 40 accueils de loisirs et maison de quartier du Maine-et-Loire. Ce Prix a pour but de <strong>favoriser la rencontre du livre<\/strong> hors du temps scolaire, <strong>d\u2019allier lecture et jeux<\/strong>, et de permettre aux \u00e9quipes \u00e9ducatives de <strong>construire des projets d\u2019animation autour du livre.<\/strong><\/p>\n\n\n\n<p><strong><u>DES LIVRES POUR JOUER, GRANDIR ET S\u2019EMERVEILLER ENSEMBLE EN ACCUEIL DE LOISIRS&nbsp;:<\/u><\/strong><\/p>\n\n\n\n<p>Chaque structure participante re\u00e7oit gratuitement deux lots de livres s\u00e9lectionn\u00e9s par un Comit\u00e9 de lecture compos\u00e9s de professionnels du livre jeunesse et de l\u2019animation :<\/p>\n\n\n\n<ul class=\"wp-block-list\">\n<li>un lot de 4 livres pour les \u2013 6 ans<\/li>\n\n\n\n<li>un lot de 4 livres pour les +6 ans<\/li>\n\n\n\n<li>dont un ouvrage commun aux deux tranches d\u2019\u00e2ge afin de favoriser des projets passerelles<\/li>\n<\/ul>\n\n\n\n<p>(1 livre en commun pour les deux s\u00e9lections afin de cr\u00e9er un projet passerelle). Ces livres sont choisis dans la production \u00e9ditoriale r\u00e9cente. Ils sont propices au jeu : par leur forme narrative, par leurs techniques d\u2019illustration, par leurs th\u00e8mes et personnages, la d\u00e9couverte et la lecture de ces livres se poursuivra par des animations en lien direct. De quoi prolonger la lecture et d\u2019exploiter le livre de mani\u00e8re ludique ! La valeur d\u2019un lot de 4 livres est estim\u00e9 \u00e0 environ 65\u20ac.<\/p>\n\n\n\n<p>Apr\u00e8s validation de votre candidature, une participation financi\u00e8re via HelloAsso vous sera demand\u00e9e, \u00e0 hauteur de&nbsp;:<\/p>\n\n\n\n<ul class=\"wp-block-list\">\n<li>15\u20ac pour l\u2019inscription d\u2019un groupe d\u2019enfants de 3 \u00e0 6 ans. Dotation de 4 livres<\/li>\n\n\n\n<li>15\u20ac pour l\u2019inscription d\u2019un groupe d\u2019enfants de 6 \u00e0 12 ans. Dotation de 4 livres<\/li>\n\n\n\n<li>30\u20ac pour l\u2019inscription d\u2019un groupe d\u2019enfants de 3 \u00e0 12 ans. Dotation de 8 livres<\/li>\n<\/ul>\n\n\n\n<div class=\"wp-block-columns is-layout-flex wp-container-core-columns-is-layout-9d6595d7 wp-block-columns-is-layout-flex\">\n<div class=\"wp-block-column is-layout-flow wp-block-column-is-layout-flow\" style=\"flex-basis:66.66%\">\n<figure class=\"wp-block-image size-large\"><img decoding=\"async\" width=\"1024\" height=\"683\" src=\"https:\/\/www.fol49.org\/laligue49\/wp-content\/uploads\/2024\/03\/MELFOL49-2-1024x683.jpg\" alt=\"\" class=\"wp-image-6069\" srcset=\"https:\/\/www.fol49.org\/laligue49\/wp-content\/uploads\/2024\/03\/MELFOL49-2-1024x683.jpg 1024w, https:\/\/www.fol49.org\/laligue49\/wp-content\/uploads\/2024\/03\/MELFOL49-2-300x200.jpg 300w, https:\/\/www.fol49.org\/laligue49\/wp-content\/uploads\/2024\/03\/MELFOL49-2-768x512.jpg 768w, https:\/\/www.fol49.org\/laligue49\/wp-content\/uploads\/2024\/03\/MELFOL49-2-1536x1024.jpg 1536w, https:\/\/www.fol49.org\/laligue49\/wp-content\/uploads\/2024\/03\/MELFOL49-2-2048x1365.jpg 2048w\" sizes=\"(max-width: 1024px) 100vw, 1024px\" \/><\/figure>\n<\/div>\n\n\n\n<div class=\"wp-block-column is-layout-flow wp-block-column-is-layout-flow\" style=\"flex-basis:33.33%\">\n<figure class=\"wp-block-image size-large is-resized\"><img decoding=\"async\" width=\"683\" height=\"1024\" src=\"https:\/\/www.fol49.org\/laligue49\/wp-content\/uploads\/2024\/03\/MELFOL49-4-683x1024.jpg\" alt=\"\" class=\"wp-image-6070\" style=\"width:246px;height:auto\" srcset=\"https:\/\/www.fol49.org\/laligue49\/wp-content\/uploads\/2024\/03\/MELFOL49-4-683x1024.jpg 683w, https:\/\/www.fol49.org\/laligue49\/wp-content\/uploads\/2024\/03\/MELFOL49-4-200x300.jpg 200w, https:\/\/www.fol49.org\/laligue49\/wp-content\/uploads\/2024\/03\/MELFOL49-4-768x1152.jpg 768w, https:\/\/www.fol49.org\/laligue49\/wp-content\/uploads\/2024\/03\/MELFOL49-4-1024x1536.jpg 1024w, https:\/\/www.fol49.org\/laligue49\/wp-content\/uploads\/2024\/03\/MELFOL49-4-1365x2048.jpg 1365w, https:\/\/www.fol49.org\/laligue49\/wp-content\/uploads\/2024\/03\/MELFOL49-4-scaled.jpg 1707w\" sizes=\"(max-width: 683px) 100vw, 683px\" \/><\/figure>\n<\/div>\n<\/div>\n\n\n\n<p><strong><u>SE RENCONTRER, ECHANGER ET SE FORMER :<\/u><\/strong><\/p>\n\n\n\n<p>Afin d\u2019accompagner cette op\u00e9ration et r\u00e9pondre aux besoins d\u2019\u00e9changes et de formations des \u00e9quipes, 4 matin\u00e9es de rencontre sont organis\u00e9es :<\/p>\n\n\n\n<ul class=\"wp-block-list\">\n<li>Pr\u00e9sentation de la s\u00e9lection et b.a.-ba de la lecture \u00e0 voix haute<\/li>\n\n\n\n<li>Am\u00e9nager un espace livres dans mon ACM<\/li>\n\n\n\n<li>Concevoir des activit\u00e9s \u00e9ducatives et culturelles \u00e0 partir des livres de la s\u00e9lection<\/li>\n\n\n\n<li>Valoriser des ateliers\/animations autour des livres et pr\u00e9sentation du kit de vote<\/li>\n<\/ul>\n\n\n\n<figure class=\"wp-block-image size-large\"><img loading=\"lazy\" decoding=\"async\" width=\"1024\" height=\"683\" src=\"https:\/\/www.fol49.org\/laligue49\/wp-content\/uploads\/2024\/03\/MELFOL49-3-1024x683.jpg\" alt=\"\" class=\"wp-image-6071\" srcset=\"https:\/\/www.fol49.org\/laligue49\/wp-content\/uploads\/2024\/03\/MELFOL49-3-1024x683.jpg 1024w, https:\/\/www.fol49.org\/laligue49\/wp-content\/uploads\/2024\/03\/MELFOL49-3-300x200.jpg 300w, https:\/\/www.fol49.org\/laligue49\/wp-content\/uploads\/2024\/03\/MELFOL49-3-768x512.jpg 768w, https:\/\/www.fol49.org\/laligue49\/wp-content\/uploads\/2024\/03\/MELFOL49-3-1536x1024.jpg 1536w, https:\/\/www.fol49.org\/laligue49\/wp-content\/uploads\/2024\/03\/MELFOL49-3-2048x1365.jpg 2048w\" sizes=\"(max-width: 1024px) 100vw, 1024px\" \/><\/figure>\n\n\n\n<p>L\u2019\u00e9dition du Prix se cl\u00f4turera par un vote citoyen en mairie (en pr\u00e9sence des familles, et d\u2019un \u00e9lu de la collectivit\u00e9, nous l\u2019esp\u00e9rons !). Chaque enfant (et animateurs) recevra un kit de vote et votera pour son livre pr\u00e9f\u00e9r\u00e9.<\/p>\n\n\n\n<p>Apr\u00e8s d\u00e9pouillement des votes de tous les participants, 2 livres (s\u00e9lection Petit, s\u00e9lection Grand) seront \u00e9lus laur\u00e9ats du d\u00e9partement.<\/p>\n\n\n\n<p><strong><u>Nos objectifs&nbsp;:<\/u><\/strong><\/p>\n\n\n\n<ul class=\"wp-block-list\">\n<li>Donner go\u00fbt \u00e0 la lecture par le jeu<\/li>\n\n\n\n<li>D\u00e9velopper des activit\u00e9s ludiques et de qualit\u00e9 autour du livre hors temps scolaire<\/li>\n\n\n\n<li>Accompagner les \u00e9quipes p\u00e9dagogiques vers la pratique du livre, de la lecture, et de l\u2019\u00e9criture<\/li>\n\n\n\n<li>Former et outiller les structures dans l\u2019am\u00e9nagement d\u2019un espace lecture<\/li>\n\n\n\n<li>Construire des partenariats avec les acteurs de son territoire (biblioth\u00e8que, librairies, Mairie, Associations locales)<\/li>\n<\/ul>\n\n\n\n<figure class=\"wp-block-table\"><table class=\"has-fixed-layout\"><tbody><tr><td><strong>Du 12 au 17 janvier 2026<\/strong><\/td><td>Lots de livres \u00e0 r\u00e9cup\u00e9rer \u00e0 la librairie <a href=\"https:\/\/www.librairielaluciole.fr\/\">La Luciole<\/a>, \u00e0 Angers.<\/td><td><\/td><\/tr><tr><td><strong>Jeudi 5 f\u00e9vrier 2025<\/strong><\/td><td><strong>Module 1 :<\/strong><br>Lancement du Prix, pr\u00e9sentation de la s\u00e9lection et B.A.BA de la lecture \u00e0 voix haute.<\/td><td><strong>En visio<\/strong><br>possibilit\u00e9 de participer en \u00e9quipe compl\u00e8te de vos accueils de loisirs<\/td><\/tr><tr><td><strong>Jeudi 5 mars 2026<\/strong><br>(sp\u00e9cial 3-6 ans)<br>ou<br><strong>Jeudi 12 mars 2026<\/strong><br>(sp\u00e9cial 6-12 ans)<br>ou<br><strong>Jeudi 19 mars 2026<\/strong><br>ou<br><strong>Jeudi 26 mars 2026<\/strong><br>De 9h15 \u00e0 11h45<\/td><td><strong>Module 2 :<\/strong><br>Echanges de pratiques d\u2019activit\u00e9s \u00e0 partir des livres de la s\u00e9lection.<\/td><td><strong>1 date au choix, en pr\u00e9sentiel<\/strong> (Angers, cit\u00e9 des associations)<br><strong>Maximum 2 participant.es par structure<\/strong><\/td><\/tr><tr><td><strong>Jeudi 2 avril<\/strong><br>De 9h15 \u00e0 11h45<\/td><td><strong>Module 3 :<\/strong><br>Am\u00e9nager un espace livres dans mon ACM.<\/td><td><strong>Facultatif<\/strong><br>En pr\u00e9sentiel, lieu \u00e0 d\u00e9finir<\/td><\/tr><tr><td><strong>Jeudi 18 juin<\/strong><br>De 9h15 \u00e0 11h45<\/td><td><strong>Module 4 :<\/strong><br>Valorisation des projets autour des livres et pr\u00e9sentation du kit de vote. Bilan de l\u2019action<\/td><td><strong>En visio<\/strong><\/td><\/tr><tr><td><strong>Juin<\/strong><\/td><td><strong>R\u00e9sultat des votes, officialisation des Laur\u00e9ats<\/strong><\/td><td><\/td><\/tr><\/tbody><\/table><\/figure>\n\n\n<a class=\"maxbutton-91 maxbutton maxbutton-inscription-prix-mercredi-en-livre\" target=\"_blank\" rel=\"noopener\" href=\"https:\/\/forms.gle\/LjsTb9kwcoGWuvFSA\"><span class='mb-text'>INSCRIPTION &quot;PRIX MERCREDI EN LIVRE&quot; 2026 (jusqu&#039;au 31\/12\/2025)<\/span><\/a>\n\n\n<div style=\"height:100px\" aria-hidden=\"true\" class=\"wp-block-spacer\"><\/div>\n\n\n\n<div data-wp-interactive=\"core\/file\" class=\"wp-block-file\"><object data-wp-bind--hidden=\"!state.hasPdfPreview\" hidden class=\"wp-block-file__embed\" data=\"https:\/\/www.fol49.org\/laligue49\/wp-content\/uploads\/2025\/11\/Flyer-MEL-2026.pdf\" type=\"application\/pdf\" style=\"width:100%;height:600px\" aria-label=\"Contenu embarqu\u00e9 Flyer MEL 2026.\"><\/object><a id=\"wp-block-file--media-57beeac4-18ae-4247-a627-99c903312559\" href=\"https:\/\/www.fol49.org\/laligue49\/wp-content\/uploads\/2025\/11\/Flyer-MEL-2026.pdf\">Flyer MEL 2026<\/a><a href=\"https:\/\/www.fol49.org\/laligue49\/wp-content\/uploads\/2025\/11\/Flyer-MEL-2026.pdf\" class=\"wp-block-file__button wp-element-button\" download aria-describedby=\"wp-block-file--media-57beeac4-18ae-4247-a627-99c903312559\">T\u00e9l\u00e9charger<\/a><\/div>\n","protected":false},"excerpt":{"rendered":"<p>Forte de ses activit\u00e9s de promotion et de m\u00e9diation du livre jeunesse, la FOL49 met en place le Prix litt\u00e9raire \u00e0 destination des ACM de Maine-et-Loire. L&#8217;\u00e9dition 2026 est ouverte \u00e0 40 accueils de loisirs et maison de quartier du Maine-et-Loire. Ce Prix a pour but de favoriser la rencontre du livre hors du temps &#8230;<\/p>\n","protected":false},"author":1,"featured_media":0,"parent":0,"menu_order":0,"comment_status":"closed","ping_status":"closed","template":"","meta":{"jetpack_post_was_ever_published":false,"footnotes":""},"class_list":["post-6068","page","type-page","status-publish","hentry"],"jetpack_sharing_enabled":true,"jetpack_shortlink":"https:\/\/wp.me\/P8tWm3-1zS","_links":{"self":[{"href":"https:\/\/www.fol49.org\/laligue49\/wp-json\/wp\/v2\/pages\/6068","targetHints":{"allow":["GET"]}}],"collection":[{"href":"https:\/\/www.fol49.org\/laligue49\/wp-json\/wp\/v2\/pages"}],"about":[{"href":"https:\/\/www.fol49.org\/laligue49\/wp-json\/wp\/v2\/types\/page"}],"author":[{"embeddable":true,"href":"https:\/\/www.fol49.org\/laligue49\/wp-json\/wp\/v2\/users\/1"}],"replies":[{"embeddable":true,"href":"https:\/\/www.fol49.org\/laligue49\/wp-json\/wp\/v2\/comments?post=6068"}],"version-history":[{"count":8,"href":"https:\/\/www.fol49.org\/laligue49\/wp-json\/wp\/v2\/pages\/6068\/revisions"}],"predecessor-version":[{"id":6609,"href":"https:\/\/www.fol49.org\/laligue49\/wp-json\/wp\/v2\/pages\/6068\/revisions\/6609"}],"wp:attachment":[{"href":"https:\/\/www.fol49.org\/laligue49\/wp-json\/wp\/v2\/media?parent=6068"}],"curies":[{"name":"wp","href":"https:\/\/api.w.org\/{rel}","templated":true}]}}