{"id":56,"date":"2016-05-04T09:49:04","date_gmt":"2016-05-04T08:49:04","guid":{"rendered":"http:\/\/fol49.org\/laligue49\/?page_id=56"},"modified":"2016-12-06T10:11:33","modified_gmt":"2016-12-06T09:11:33","slug":"service-civique","status":"publish","type":"page","link":"https:\/\/www.fol49.org\/laligue49\/service-civique\/","title":{"rendered":"Service civique"},"content":{"rendered":"<p>Le Service Civique du Minist\u00e8re de la Jeunesse et des Solidarit\u00e9s Actives (Loi du 10\/03\/10) a pour objet de renforcer la coh\u00e9sion nationale et la mixit\u00e9 sociale. Elle offre \u00e0 toute personne volontaire l&#8217;opportunit\u00e9 de s&#8217;engager en faveur d&#8217;un projet collectif en effectuant une mission d&#8217;int\u00e9r\u00eat g\u00e9n\u00e9ral.<br \/>\nOuvert aux jeunes de 16 \u00e0 25 ans, le service civique est un engagement volontaire d&#8217;une dur\u00e9e continue de six \u00e0 douze mois, \u00e0 raison de 24 heures par semaine.<\/p>\n<p><span style=\"color: #33cccc;\">Associations affili\u00e9es, vous b\u00e9n\u00e9ficiez de l&#8217;agr\u00e9ment &#8221; service civique &#8221; de la Ligue de l&#8217;enseignement.<\/span><\/p>\n<p>Cet agr\u00e9ment vous donne la possibilit\u00e9 de confier une ou plusieurs missions d&#8217;int\u00e9r\u00eat g\u00e9n\u00e9ral \u00e0 des jeunes de 16 \u00e0 25 ans. Indemnis\u00e9s, ils consacreront 6 \u00e0 12 mois au sein de votre association.<\/p>\n<p>Le Service Civique au sein de la Ligue de l\u2019enseignement.<\/p>\n<p>Militer et agir pour r\u00e9duire les in\u00e9galit\u00e9s en mobilisant les ressources \u00e9ducatives de la culture, des sports et des loisirs, c\u2019est ce qui r\u00e9unit tous les hommes et les femmes de la Ligue de l\u2019enseignement.<\/p>\n<p>Les missions de service civique allou\u00e9es aux volontaires doivent faire partie du catalogue national de missions parmi les th\u00e9matiques suivantes : citoyennet\u00e9, culture, \u00e9ducation, sports et loisirs, sant\u00e9, solidarit\u00e9, solidarit\u00e9 internationale et actions humanitaires, environnement.<\/p>\n<p><span style=\"color: #33cccc;\">Pour les jeunes, le service civique c&#8217;est :<\/span><\/p>\n<p>Au moins 24h par semaine (ou l&#8217;\u00e9quivalent sur la dur\u00e9e du contrat),<br \/>\nUne indemnit\u00e9 minimum de 470\u20ac par mois vers\u00e9e par l&#8217;\u00e9tat et de 106\u20ac par l\u2019association,<br \/>\nUne couverture sociale et des trimestres de retraite valid\u00e9s,<br \/>\nUn accompagnement dans la mission,<br \/>\nUne formation civique obligatoire.<\/p>\n<p>Quelle que soit la taille de votre association : vous \u00eates concern\u00e9. Que vous n\u2019impliquiez que des b\u00e9n\u00e9voles ou que vous fassiez aussi appel \u00e0 des salari\u00e9s, vous pouvez renforcer votre \u00e9quipe par des jeunes volontaires.<\/p>\n<p><span style=\"color: #33cccc;\">\u00a0La F.O.L de Maine et Loire\u00a0 est \u00e0 vos c\u00f4t\u00e9s pour toutes les d\u00e9marches :<\/span><\/p>\n<p>Pour r\u00e9fl\u00e9chir sur le type de\u00a0 missions \u00e0 proposer<br \/>\nPour vous faciliter le recrutement des jeunes<br \/>\nPour l\u2019\u00e9tablissement du contrat<br \/>\nPour la formation civique obligatoire pour vos volontaires organis\u00e9e par la F.O.L.<br \/>\nPour permettre un accompagnement id\u00e9al des volontaires.<\/p>\n<p>Une charte \u00e9thique a \u00e9t\u00e9 mise en place par La Ligue de l&#8217;enseignement dans le but de formaliser et de partager sa conception du service civique.<\/p>\n<p>Nous contacter : callais@fol49.org<\/p>\n","protected":false},"excerpt":{"rendered":"<p>Le Service Civique du Minist\u00e8re de la Jeunesse et des Solidarit\u00e9s Actives (Loi du 10\/03\/10) a pour objet de renforcer la coh\u00e9sion nationale et la mixit\u00e9 sociale. Elle offre \u00e0 toute personne volontaire l&#8217;opportunit\u00e9 de s&#8217;engager en faveur d&#8217;un projet collectif en effectuant une mission d&#8217;int\u00e9r\u00eat g\u00e9n\u00e9ral. Ouvert aux jeunes de 16 \u00e0 25 ans, &#8230;<\/p>\n","protected":false},"author":1,"featured_media":0,"parent":0,"menu_order":0,"comment_status":"closed","ping_status":"closed","template":"","meta":{"jetpack_post_was_ever_published":false,"footnotes":""},"class_list":["post-56","page","type-page","status-publish","hentry"],"jetpack_sharing_enabled":true,"jetpack_shortlink":"https:\/\/wp.me\/P8tWm3-U","_links":{"self":[{"href":"https:\/\/www.fol49.org\/laligue49\/wp-json\/wp\/v2\/pages\/56","targetHints":{"allow":["GET"]}}],"collection":[{"href":"https:\/\/www.fol49.org\/laligue49\/wp-json\/wp\/v2\/pages"}],"about":[{"href":"https:\/\/www.fol49.org\/laligue49\/wp-json\/wp\/v2\/types\/page"}],"author":[{"embeddable":true,"href":"https:\/\/www.fol49.org\/laligue49\/wp-json\/wp\/v2\/users\/1"}],"replies":[{"embeddable":true,"href":"https:\/\/www.fol49.org\/laligue49\/wp-json\/wp\/v2\/comments?post=56"}],"version-history":[{"count":3,"href":"https:\/\/www.fol49.org\/laligue49\/wp-json\/wp\/v2\/pages\/56\/revisions"}],"predecessor-version":[{"id":1121,"href":"https:\/\/www.fol49.org\/laligue49\/wp-json\/wp\/v2\/pages\/56\/revisions\/1121"}],"wp:attachment":[{"href":"https:\/\/www.fol49.org\/laligue49\/wp-json\/wp\/v2\/media?parent=56"}],"curies":[{"name":"wp","href":"https:\/\/api.w.org\/{rel}","templated":true}]}}