{"id":43,"date":"2016-05-04T09:47:25","date_gmt":"2016-05-04T08:47:25","guid":{"rendered":"http:\/\/fol49.org\/laligue49\/?page_id=43"},"modified":"2020-02-14T15:27:15","modified_gmt":"2020-02-14T14:27:15","slug":"semaines-deducation-contre-le-racisme","status":"publish","type":"page","link":"https:\/\/www.fol49.org\/laligue49\/semaines-deducation-contre-le-racisme\/","title":{"rendered":"Semaines d&#8217;\u00e9ducation contre le racisme"},"content":{"rendered":"<p>Depuis une dizaine d\u2019ann\u00e9es, la F\u00e9d\u00e9ration des \u0152uvres La\u00efques de Maine et Loire impulse des actions d\u2019\u00e9ducation et de solidarit\u00e9 dans le cadre des SEMAINES D\u2019\u00c9DUCATION CONTRE LE RACISME ET TOUTES LES DISCRIMINATIONS. Elle s\u2019attache \u00e0 sensibiliser divers publics (scolaires, jeunes et adultes, repr\u00e9sentants associatifs\u2026) pour d\u00e9fendre la citoyennet\u00e9 de chacun et agir pour une soci\u00e9t\u00e9 plus juste et respectueuse de sa diversit\u00e9.<\/p>\n<p><img fetchpriority=\"high\" decoding=\"async\" class=\"alignnone wp-image-937 size-full\" src=\"https:\/\/www.fol49.org\/laligue49\/wp-content\/uploads\/2016\/05\/affiche-SECD-2016-01.jpg\" alt=\"Impression\" width=\"900\" height=\"636\" srcset=\"https:\/\/www.fol49.org\/laligue49\/wp-content\/uploads\/2016\/05\/affiche-SECD-2016-01.jpg 900w, https:\/\/www.fol49.org\/laligue49\/wp-content\/uploads\/2016\/05\/affiche-SECD-2016-01-300x212.jpg 300w, https:\/\/www.fol49.org\/laligue49\/wp-content\/uploads\/2016\/05\/affiche-SECD-2016-01-768x543.jpg 768w\" sizes=\"(max-width: 900px) 100vw, 900px\" \/><\/p>\n<p><span style=\"color: #000000;\">Dans le cadre des Semaines d\u2019\u00c9ducation Contre les Discriminations 2016, tout le mois de Mars, diff\u00e9rentes actions vous sont propos\u00e9es :<\/span><br \/>\n<strong><span style=\"color: #33cccc;\">Centre de ressources FOL 49 : Outils pour sensibiliser aux discriminations<\/span><\/strong><\/p>\n<p><img decoding=\"async\" class=\"wp-image-938 size-full alignright\" src=\"https:\/\/www.fol49.org\/laligue49\/wp-content\/uploads\/2016\/05\/couv-plaquette-outils-sensibilisations-discriminations2016.jpg\" alt=\"couv-plaquette-outils-sensibilisations-discriminations2016\" width=\"130\" height=\"184\" \/>Nous proposons aux \u00e9coles et \u00e9tablissements scolaires publics du d\u00e9partement, aux associations et aux structures socioculturelles, \u00e9ducatives et associatives, divers outils pour promouvoir le respect de la diversit\u00e9 et lutter contre les discriminations.<br \/>\nVous trouverez dans la plaquette la pr\u00e9sentation de ces outils et actions propos\u00e9es par notre association.<\/p>\n<p><strong>A t\u00e9l\u00e9charger :<\/strong> <a href=\"https:\/\/www.fol49.org\/laligue49\/wp-content\/uploads\/2020\/02\/plaquette-\u00e9ducation-contre-les-discriminations-A4-def.pdf\" target=\"_blank\" rel=\"noopener noreferrer\">Outils de la FOL 49 pour sensibiliser aux discriminations<\/a><\/p>\n<p><strong>A t\u00e9l\u00e9charger :<\/strong> <a href=\"http:\/\/www.fol49.org\/education\/doc\/bulletin_de_reservation_SECD-2016.pdf\" target=\"_blank\" rel=\"noopener noreferrer\">Bon de r\u00e9servations<\/a><\/p>\n<p>Une s\u00e9lection de livres portant sur la lutte contre les discriminations, la citoyennet\u00e9, les relations interg\u00e9n\u00e9rationnelles et l\u2019\u00e9ducation artistique et culturelle est empruntable gratuitement au centre de Ressources de la FOL 49.<\/p>\n<p><strong>A t\u00e9l\u00e9charger :<\/strong> <a href=\"http:\/\/www.fol49.org\/education\/doc\/bibliographie_selective_SECD-2016.pdf\" target=\"_blank\" rel=\"noopener noreferrer\">Bibliographie s\u00e9lective SECD 2016<\/a><br \/>\n<strong><span style=\"color: #33cccc;\">\u00ab Jouons la carte de la fraternit\u00e9 \u00bb\u00a0 (atelier d\u2019\u00e9criture)<\/span><\/strong><\/p>\n<p><img decoding=\"async\" class=\"size-thumbnail wp-image-939 alignright\" src=\"https:\/\/www.fol49.org\/laligue49\/wp-content\/uploads\/2016\/05\/jouons-la-carte-de-la-fraternite-2016-130x150.jpg\" alt=\"Adobe Photoshop PDF\" width=\"130\" height=\"150\" \/>Les participants \u00e9crivent de courts textes, po\u00e8mes, ha\u00efkus, de fraternit\u00e9 ou de lutte contre les discriminations. Les textes sont envoy\u00e9s \u00e0 des inconnus tir\u00e9s au sort dans l\u2019annuaire du Maine et Loire. Ceux-ci sont invit\u00e9s \u00e0 r\u00e9pondre.<\/p>\n<p><strong>A t\u00e9l\u00e9charger :<\/strong> <a href=\"http:\/\/www.fol49.org\/education\/doc\/jlcf2016_dossier_peda.pdf\" target=\"_blank\" rel=\"noopener noreferrer\">Dossier P\u00e9dagogique Jouons la carte de la fraternit\u00e9 2016<\/a><br \/>\n<strong><span style=\"color: #33cccc;\">L\u2019\u00e9galit\u00e9 c\u2019est pas sorcier ! (exposition)<\/span><\/strong><\/p>\n<p><img loading=\"lazy\" decoding=\"async\" class=\"alignright wp-image-941 size-full\" src=\"https:\/\/www.fol49.org\/laligue49\/wp-content\/uploads\/2016\/05\/expo_egalite.jpg\" alt=\"expo_egalite\" width=\"130\" height=\"119\" \/>R\u00e9alis\u00e9e par le laboratoire de l&#8217;\u00e9galit\u00e9 avec le soutien entre autres du centre conf\u00e9d\u00e9ral de la Ligue de l&#8217;enseignement, cette exposition traite la question de l&#8217;\u00e9galit\u00e9 femmes-hommes autour de sept grandes th\u00e9matiques : la grammaire, l&#8217;\u00e9galit\u00e9 professionnelle, la parit\u00e9 en politique, la prostitution, la libert\u00e9 sexuelle, la gestation pour autrui, les violences faites aux femmes.<\/p>\n<p><strong>A t\u00e9l\u00e9charger :<\/strong> <a href=\"http:\/\/www.fol49.org\/education\/doc\/presentation_expo_legalitecestpasosrcier.pdf\" target=\"_blank\" rel=\"noopener noreferrer\">livret de pr\u00e9sentation<\/a><\/p>\n<p><img loading=\"lazy\" decoding=\"async\" class=\"alignright wp-image-942 size-full\" src=\"https:\/\/www.fol49.org\/laligue49\/wp-content\/uploads\/2016\/05\/couv-depliant-SECD-2016.jpg\" alt=\"couv-depliant-SECD-2016\" width=\"130\" height=\"185\" \/>Pour la deuxi\u00e8me ann\u00e9e, des associations du d\u00e9partement attach\u00e9es \u00e0 d\u00e9fendre la citoyennet\u00e9 et les droits fondamentaux de chacun-e et \u00e0 agir pour une soci\u00e9t\u00e9 plus juste, plus solidaire, plus fraternelle et respectueuse de sa diversit\u00e9 ont rejoint la FOL49 et composent \u00e0 pr\u00e9sent le collectif Diver\u00c9galit\u00e9 49.<\/p>\n<p>Pour cela, notre collectif propose aux \u00e9coles et \u00e9tablissements scolaires publics du d\u00e9partement, aux associations et aux structures socioculturelles, \u00e9ducatives et associatives, divers outils pour promouvoir le respect de la diversit\u00e9 et lutter contre les discriminations.<\/p>\n<p>Vous trouverez l\u2019ensemble de ce programme en t\u00e9l\u00e9chargeant le D\u00e9pliant Semaines d\u2019\u00c9ducation Contre les Discriminations Mars 2016<\/p>\n<p>Vous trouverez \u00e9galement le bon de r\u00e9servation 2016 \u00e0 nous retourner pour les supports que vous souhaitez emprunter.<\/p>\n<p>Notre responsabilit\u00e9 d\u2019\u00e9ducateur et notre conscience de citoyen, nous imposent vigilance et pr\u00e9vention. Ainsi, nous esp\u00e9rons pouvoir y associer votre \u00e9tablissement, association, structure socioculturelle et \u00e9ducative\u2026<\/p>\n","protected":false},"excerpt":{"rendered":"<p>Depuis une dizaine d\u2019ann\u00e9es, la F\u00e9d\u00e9ration des \u0152uvres La\u00efques de Maine et Loire impulse des actions d\u2019\u00e9ducation et de solidarit\u00e9 dans le cadre des SEMAINES D\u2019\u00c9DUCATION CONTRE LE RACISME ET TOUTES LES DISCRIMINATIONS. Elle s\u2019attache \u00e0 sensibiliser divers publics (scolaires, jeunes et adultes, repr\u00e9sentants associatifs\u2026) pour d\u00e9fendre la citoyennet\u00e9 de chacun et agir pour une &#8230;<\/p>\n","protected":false},"author":1,"featured_media":0,"parent":0,"menu_order":0,"comment_status":"closed","ping_status":"closed","template":"","meta":{"jetpack_post_was_ever_published":false,"footnotes":""},"class_list":["post-43","page","type-page","status-publish","hentry"],"jetpack_sharing_enabled":true,"jetpack_shortlink":"https:\/\/wp.me\/P8tWm3-H","_links":{"self":[{"href":"https:\/\/www.fol49.org\/laligue49\/wp-json\/wp\/v2\/pages\/43","targetHints":{"allow":["GET"]}}],"collection":[{"href":"https:\/\/www.fol49.org\/laligue49\/wp-json\/wp\/v2\/pages"}],"about":[{"href":"https:\/\/www.fol49.org\/laligue49\/wp-json\/wp\/v2\/types\/page"}],"author":[{"embeddable":true,"href":"https:\/\/www.fol49.org\/laligue49\/wp-json\/wp\/v2\/users\/1"}],"replies":[{"embeddable":true,"href":"https:\/\/www.fol49.org\/laligue49\/wp-json\/wp\/v2\/comments?post=43"}],"version-history":[{"count":4,"href":"https:\/\/www.fol49.org\/laligue49\/wp-json\/wp\/v2\/pages\/43\/revisions"}],"predecessor-version":[{"id":4217,"href":"https:\/\/www.fol49.org\/laligue49\/wp-json\/wp\/v2\/pages\/43\/revisions\/4217"}],"wp:attachment":[{"href":"https:\/\/www.fol49.org\/laligue49\/wp-json\/wp\/v2\/media?parent=43"}],"curies":[{"name":"wp","href":"https:\/\/api.w.org\/{rel}","templated":true}]}}