{"id":4276,"date":"2020-02-25T14:12:36","date_gmt":"2020-02-25T13:12:36","guid":{"rendered":"http:\/\/www.fol49.org\/laligue49\/?page_id=4276"},"modified":"2020-02-25T14:19:10","modified_gmt":"2020-02-25T13:19:10","slug":"depart-a-la-mer","status":"publish","type":"page","link":"https:\/\/www.fol49.org\/laligue49\/depart-a-la-mer\/","title":{"rendered":"D\u00e9part \u00e0 la mer"},"content":{"rendered":"<p><img fetchpriority=\"high\" decoding=\"async\" class=\" wp-image-4284 aligncenter\" src=\"https:\/\/www.fol49.org\/laligue49\/wp-content\/uploads\/2020\/02\/Vacances-Passion-mer-1-300x91.png\" alt=\"\" width=\"574\" height=\"174\" srcset=\"https:\/\/www.fol49.org\/laligue49\/wp-content\/uploads\/2020\/02\/Vacances-Passion-mer-1-300x91.png 300w, https:\/\/www.fol49.org\/laligue49\/wp-content\/uploads\/2020\/02\/Vacances-Passion-mer-1-1024x311.png 1024w, https:\/\/www.fol49.org\/laligue49\/wp-content\/uploads\/2020\/02\/Vacances-Passion-mer-1-768x233.png 768w, https:\/\/www.fol49.org\/laligue49\/wp-content\/uploads\/2020\/02\/Vacances-Passion-mer-1-1536x466.png 1536w, https:\/\/www.fol49.org\/laligue49\/wp-content\/uploads\/2020\/02\/Vacances-Passion-mer-1-2048x621.png 2048w\" sizes=\"(max-width: 574px) 100vw, 574px\" \/><br \/>\nNous sommes le correspondant local de la ligue et proposons des destinations en bord de mer.<br \/>\nSi vous \u00eates int\u00e9ress\u00e9 regarder les offres avec le lien ci-dessous:<br \/>\n<a href=\"https:\/\/www.vacances-passion.org\/vv\/vacances\/a-chacun-ses-vacances\/\">Vacances Passion<\/a><\/p>\n","protected":false},"excerpt":{"rendered":"<p>Nous sommes le correspondant local de la ligue et proposons des destinations en bord de mer. Si vous \u00eates int\u00e9ress\u00e9 regarder les offres avec le lien ci-dessous: Vacances Passion<\/p>\n","protected":false},"author":1,"featured_media":0,"parent":0,"menu_order":0,"comment_status":"closed","ping_status":"closed","template":"","meta":{"jetpack_post_was_ever_published":false,"footnotes":""},"class_list":["post-4276","page","type-page","status-publish","hentry"],"jetpack_sharing_enabled":true,"jetpack_shortlink":"https:\/\/wp.me\/P8tWm3-16Y","_links":{"self":[{"href":"https:\/\/www.fol49.org\/laligue49\/wp-json\/wp\/v2\/pages\/4276","targetHints":{"allow":["GET"]}}],"collection":[{"href":"https:\/\/www.fol49.org\/laligue49\/wp-json\/wp\/v2\/pages"}],"about":[{"href":"https:\/\/www.fol49.org\/laligue49\/wp-json\/wp\/v2\/types\/page"}],"author":[{"embeddable":true,"href":"https:\/\/www.fol49.org\/laligue49\/wp-json\/wp\/v2\/users\/1"}],"replies":[{"embeddable":true,"href":"https:\/\/www.fol49.org\/laligue49\/wp-json\/wp\/v2\/comments?post=4276"}],"version-history":[{"count":9,"href":"https:\/\/www.fol49.org\/laligue49\/wp-json\/wp\/v2\/pages\/4276\/revisions"}],"predecessor-version":[{"id":4289,"href":"https:\/\/www.fol49.org\/laligue49\/wp-json\/wp\/v2\/pages\/4276\/revisions\/4289"}],"wp:attachment":[{"href":"https:\/\/www.fol49.org\/laligue49\/wp-json\/wp\/v2\/media?parent=4276"}],"curies":[{"name":"wp","href":"https:\/\/api.w.org\/{rel}","templated":true}]}}