{"id":2804,"date":"2020-02-03T15:27:43","date_gmt":"2020-02-03T14:27:43","guid":{"rendered":"http:\/\/www.fol49.org\/laligue49\/?page_id=2804"},"modified":"2025-02-04T17:51:40","modified_gmt":"2025-02-04T16:51:40","slug":"le-centre-bleu-loire-a-trelaze-49","status":"publish","type":"page","link":"https:\/\/www.fol49.org\/laligue49\/le-centre-bleu-loire-a-trelaze-49\/","title":{"rendered":"Centre Bleu Loire \u00e0 Tr\u00e9laz\u00e9 (49)"},"content":{"rendered":"<p><img fetchpriority=\"high\" decoding=\"async\" class=\"wp-image-4183 aligncenter\" src=\"https:\/\/www.fol49.org\/laligue49\/wp-content\/uploads\/2020\/02\/Sans-titre-2-300x94.png\" alt=\"Centre Bleu Loire\" width=\"574\" height=\"180\" srcset=\"https:\/\/www.fol49.org\/laligue49\/wp-content\/uploads\/2020\/02\/Sans-titre-2-300x94.png 300w, https:\/\/www.fol49.org\/laligue49\/wp-content\/uploads\/2020\/02\/Sans-titre-2-1024x320.png 1024w, https:\/\/www.fol49.org\/laligue49\/wp-content\/uploads\/2020\/02\/Sans-titre-2-768x240.png 768w, https:\/\/www.fol49.org\/laligue49\/wp-content\/uploads\/2020\/02\/Sans-titre-2-1536x480.png 1536w, https:\/\/www.fol49.org\/laligue49\/wp-content\/uploads\/2020\/02\/Sans-titre-2-2048x640.png 2048w\" sizes=\"(max-width: 574px) 100vw, 574px\" \/><\/p>\n<p>Situ\u00e9 \u00e0 Tr\u00e9laz\u00e9, au c\u0153ur de l&#8217;Anjou, le g\u00eete de groupe Bleu Loire, avec ses 34 couchages, vous accueillera dans un cadre\u00a0calme et confortable.<\/p>\n<div id=\"accordion-1\" class=\"accordion no-js\"><br \/>\n\n\t\t\t\t\t<h3 role=\"button\" id=\"accordion-1-t1\" class=\"accordion-title js-accordion-controller\" aria-controls=\"accordion-1-c1\" aria-expanded=\"false\" tabindex=\"0\">\n\t\t\t\tH\u00e9bergement\t\t\t<\/h3>\n\t\t\n\t\t<div id=\"accordion-1-c1\" class=\"accordion-content\" aria-hidden=\"true\">\n\t\t\t<\/p>\n<p>Avec ses 34 lits, il est compos\u00e9 de :<\/p>\n<ul>\n<li>\u00a017 chambres de 2 personnes (lits superpos\u00e9s). Chaque chambre est \u00e9quip\u00e9e d&#8217;une salle de douche.<\/li>\n<li>Cuisine (R\u00e9frig\u00e9rateur, cuisini\u00e8re avec plaques \u00e9lectriques et four, vaisselle, lave-vaisselle, bouilloire, grille-pain, cafeti\u00e8re, micro-onde)<\/li>\n<li>Salle \u00e0 manger (transformable en salle de r\u00e9union)<\/li>\n<li>Grand hall d&#8217;accueil.<\/li>\n<li>Parc ext\u00e9rieur clos<style id=\"bwg-style-0\">    #bwg_container1_0 #bwg_container2_0 .bwg-container-0.bwg-standard-thumbnails {      width: 1254px;              justify-content: center;        margin:0 auto !important;              background-color: rgba(255, 255, 255, 0.00);            padding-left: 4px;      padding-top: 4px;      max-width: 100%;            }        #bwg_container1_0 #bwg_container2_0 .bwg-container-0.bwg-standard-thumbnails .bwg-item {    justify-content: flex-start;      max-width: 250px;          }    #bwg_container1_0 #bwg_container2_0 .bwg-container-0.bwg-standard-thumbnails .bwg-item a {       margin-right: 4px;       margin-bottom: 4px;    }    #bwg_container1_0 #bwg_container2_0 .bwg-container-0.bwg-standard-thumbnails .bwg-item0 {      padding: 0px;            background-color:rgba(255,255,255, 0.30);      border: 0px none #CCCCCC;      opacity: 1.00;      border-radius: 0;      box-shadow: 0px 0px 0px #888888;    }    #bwg_container1_0 #bwg_container2_0 .bwg-container-0.bwg-standard-thumbnails .bwg-item1 img {      max-height: none;      max-width: none;      padding: 0 !important;    }        @media only screen and (min-width: 480px) {      #bwg_container1_0 #bwg_container2_0 .bwg-container-0.bwg-standard-thumbnails .bwg-item0 {        transition: all 0.3s ease 0s;-webkit-transition: all 0.3s ease 0s;      }      #bwg_container1_0 #bwg_container2_0 .bwg-container-0.bwg-standard-thumbnails .bwg-item0:hover {        -ms-transform: scale(1.1);        -webkit-transform: scale(1.1);        transform: scale(1.1);      }    }          #bwg_container1_0 #bwg_container2_0 .bwg-container-0.bwg-standard-thumbnails .bwg-item1 {      padding-top: 56%;    }        #bwg_container1_0 #bwg_container2_0 .bwg-container-0.bwg-standard-thumbnails .bwg-title1 {      position: absolute;      top: 0;      z-index: 100;      width: 100%;      height: 100%;      display: flex;      justify-content: center;      align-content: center;      flex-direction: column;      opacity: 0;    }\t      #bwg_container1_0 #bwg_container2_0 .bwg-container-0.bwg-standard-thumbnails .bwg-title2,    #bwg_container1_0 #bwg_container2_0 .bwg-container-0.bwg-standard-thumbnails .bwg-ecommerce2 {      color: #FFFFFF;      font-family: segoe ui;      font-size: 16px;      font-weight: bold;      padding: 2px;      text-shadow: 0px 0px 0px #888888;      max-height: 100%;    }    #bwg_container1_0 #bwg_container2_0 .bwg-container-0.bwg-standard-thumbnails .bwg-thumb-description span {    color: #323A45;    font-family: Ubuntu;    font-size: 12px;    max-height: 100%;    word-wrap: break-word;    }    #bwg_container1_0 #bwg_container2_0 .bwg-container-0.bwg-standard-thumbnails .bwg-play-icon2 {      font-size: 32px;    }    #bwg_container1_0 #bwg_container2_0 .bwg-container-0.bwg-standard-thumbnails .bwg-ecommerce2 {      font-size: 19.2px;      color: #CCCCCC;    }    <\/style>    <div id=\"bwg_container1_0\"         class=\"bwg_container bwg_thumbnail bwg_thumbnails \"         data-right-click-protection=\"0\"         data-bwg=\"0\"         data-scroll=\"0\"         data-gallery-type=\"thumbnails\"         data-gallery-view-type=\"thumbnails\"         data-current-url=\"\/laligue49\/wp-json\/wp\/v2\/pages\/2804\"         data-lightbox-url=\"https:\/\/www.fol49.org\/laligue49\/wp-admin\/admin-ajax.php?action=GalleryBox&#038;current_view=0&#038;gallery_id=24&#038;tag=0&#038;theme_id=1&#038;shortcode_id=100&#038;sort_by=order&#038;order_by=asc&#038;current_url=%2Flaligue49%2Fwp-json%2Fwp%2Fv2%2Fpages%2F2804\"         data-gallery-id=\"24\"         data-popup-width=\"800\"         data-popup-height=\"500\"         data-is-album=\"gallery\"         data-buttons-position=\"bottom\">      <div id=\"bwg_container2_0\">             <div id=\"ajax_loading_0\" class=\"bwg_loading_div_1\">      <div class=\"bwg_loading_div_2\">        <div class=\"bwg_loading_div_3\">          <div id=\"loading_div_0\" class=\"bwg_spider_ajax_loading\">          <\/div>        <\/div>      <\/div>    <\/div>            <form id=\"gal_front_form_0\"              class=\"bwg-hidden\"              method=\"post\"              action=\"#\"              data-current=\"0\"              data-shortcode-id=\"100\"              data-gallery-type=\"thumbnails\"              data-gallery-id=\"24\"              data-tag=\"0\"              data-album-id=\"0\"              data-theme-id=\"1\"              data-ajax-url=\"https:\/\/www.fol49.org\/laligue49\/wp-admin\/admin-ajax.php?action=bwg_frontend_data\">          <div id=\"bwg_container3_0\" class=\"bwg-background bwg-background-0\">                <div data-max-count=\"5\"         data-thumbnail-width=\"250\"         data-bwg=\"0\"         data-gallery-id=\"24\"         data-lightbox-url=\"https:\/\/www.fol49.org\/laligue49\/wp-admin\/admin-ajax.php?action=GalleryBox&amp;current_view=0&amp;gallery_id=24&amp;tag=0&amp;theme_id=1&amp;shortcode_id=100&amp;sort_by=order&amp;order_by=asc&amp;current_url=%2Flaligue49%2Fwp-json%2Fwp%2Fv2%2Fpages%2F2804\"         id=\"bwg_thumbnails_0\"         class=\"bwg-container-0 bwg-thumbnails bwg-standard-thumbnails bwg-container bwg-border-box\">            <div class=\"bwg-item\">        <a class=\"bwg-a  bwg_lightbox\"  data-image-id=\"230\" href=\"https:\/\/www.fol49.org\/laligue49\/wp-content\/uploads\/photo-gallery\/Bleu_Loire_(48).jpg?bwg=1580985683\" data-elementor-open-lightbox=\"no\">                <div class=\"bwg-item0 \">          <div class=\"bwg-item1 \">            <div class=\"bwg-item2\">              <img decoding=\"async\" class=\"skip-lazy bwg_standart_thumb_img_0 \"                   data-id=\"230\"                   data-width=\"333\"                   data-height=\"500\"                   data-src=\"https:\/\/www.fol49.org\/laligue49\/wp-content\/uploads\/photo-gallery\/thumb\/Bleu_Loire_(48).jpg?bwg=1580985683\"                   src=\"https:\/\/www.fol49.org\/laligue49\/wp-content\/uploads\/photo-gallery\/thumb\/Bleu_Loire_(48).jpg?bwg=1580985683\"                   alt=\"Bleu Loire (48)\"                   title=\"Bleu Loire (48)\" \/>            <\/div>            <div class=\"\">              <div class=\"bwg-title1\"><div class=\"bwg-title2\">Bleu Loire (48)<\/div><\/div>                                        <\/div>          <\/div>        <\/div>                        <\/a>              <\/div>            <div class=\"bwg-item\">        <a class=\"bwg-a  bwg_lightbox\"  data-image-id=\"235\" href=\"https:\/\/www.fol49.org\/laligue49\/wp-content\/uploads\/photo-gallery\/Bleu_Loire_(63).jpg?bwg=1580985683\" data-elementor-open-lightbox=\"no\">                <div class=\"bwg-item0 \">          <div class=\"bwg-item1 \">            <div class=\"bwg-item2\">              <img decoding=\"async\" class=\"skip-lazy bwg_standart_thumb_img_0 \"                   data-id=\"235\"                   data-width=\"500\"                   data-height=\"333\"                   data-src=\"https:\/\/www.fol49.org\/laligue49\/wp-content\/uploads\/photo-gallery\/thumb\/Bleu_Loire_(63).jpg?bwg=1580985683\"                   src=\"https:\/\/www.fol49.org\/laligue49\/wp-content\/uploads\/photo-gallery\/thumb\/Bleu_Loire_(63).jpg?bwg=1580985683\"                   alt=\"Bleu Loire (63)\"                   title=\"Bleu Loire (63)\" \/>            <\/div>            <div class=\"\">              <div class=\"bwg-title1\"><div class=\"bwg-title2\">Bleu Loire (63)<\/div><\/div>                                        <\/div>          <\/div>        <\/div>                        <\/a>              <\/div>            <div class=\"bwg-item\">        <a class=\"bwg-a  bwg_lightbox\"  data-image-id=\"234\" href=\"https:\/\/www.fol49.org\/laligue49\/wp-content\/uploads\/photo-gallery\/Bleu_Loire_(60).jpg?bwg=1580985683\" data-elementor-open-lightbox=\"no\">                <div class=\"bwg-item0 \">          <div class=\"bwg-item1 \">            <div class=\"bwg-item2\">              <img decoding=\"async\" class=\"skip-lazy bwg_standart_thumb_img_0 \"                   data-id=\"234\"                   data-width=\"500\"                   data-height=\"333\"                   data-src=\"https:\/\/www.fol49.org\/laligue49\/wp-content\/uploads\/photo-gallery\/thumb\/Bleu_Loire_(60).jpg?bwg=1580985683\"                   src=\"https:\/\/www.fol49.org\/laligue49\/wp-content\/uploads\/photo-gallery\/thumb\/Bleu_Loire_(60).jpg?bwg=1580985683\"                   alt=\"Bleu Loire (60)\"                   title=\"Bleu Loire (60)\" \/>            <\/div>            <div class=\"\">              <div class=\"bwg-title1\"><div class=\"bwg-title2\">Bleu Loire (60)<\/div><\/div>                                        <\/div>          <\/div>        <\/div>                        <\/a>              <\/div>            <div class=\"bwg-item\">        <a class=\"bwg-a  bwg_lightbox\"  data-image-id=\"232\" href=\"https:\/\/www.fol49.org\/laligue49\/wp-content\/uploads\/photo-gallery\/Bleu_Loire_(62).jpg?bwg=1580985683\" data-elementor-open-lightbox=\"no\">                <div class=\"bwg-item0 \">          <div class=\"bwg-item1 \">            <div class=\"bwg-item2\">              <img decoding=\"async\" class=\"skip-lazy bwg_standart_thumb_img_0 \"                   data-id=\"232\"                   data-width=\"500\"                   data-height=\"333\"                   data-src=\"https:\/\/www.fol49.org\/laligue49\/wp-content\/uploads\/photo-gallery\/thumb\/Bleu_Loire_(62).jpg?bwg=1580985683\"                   src=\"https:\/\/www.fol49.org\/laligue49\/wp-content\/uploads\/photo-gallery\/thumb\/Bleu_Loire_(62).jpg?bwg=1580985683\"                   alt=\"Bleu Loire (62)\"                   title=\"Bleu Loire (62)\" \/>            <\/div>            <div class=\"\">              <div class=\"bwg-title1\"><div class=\"bwg-title2\">Bleu Loire (62)<\/div><\/div>                                        <\/div>          <\/div>        <\/div>                        <\/a>              <\/div>            <div class=\"bwg-item\">        <a class=\"bwg-a  bwg_lightbox\"  data-image-id=\"231\" href=\"https:\/\/www.fol49.org\/laligue49\/wp-content\/uploads\/photo-gallery\/Bleu_Loire_(1).jpg?bwg=1580985683\" data-elementor-open-lightbox=\"no\">                <div class=\"bwg-item0 \">          <div class=\"bwg-item1 \">            <div class=\"bwg-item2\">              <img decoding=\"async\" class=\"skip-lazy bwg_standart_thumb_img_0 \"                   data-id=\"231\"                   data-width=\"500\"                   data-height=\"333\"                   data-src=\"https:\/\/www.fol49.org\/laligue49\/wp-content\/uploads\/photo-gallery\/thumb\/Bleu_Loire_(1).jpg?bwg=1580985683\"                   src=\"https:\/\/www.fol49.org\/laligue49\/wp-content\/uploads\/photo-gallery\/thumb\/Bleu_Loire_(1).jpg?bwg=1580985683\"                   alt=\"Bleu Loire (1)\"                   title=\"Bleu Loire (1)\" \/>            <\/div>            <div class=\"\">              <div class=\"bwg-title1\"><div class=\"bwg-title2\">Bleu Loire (1)<\/div><\/div>                                        <\/div>          <\/div>        <\/div>                        <\/a>              <\/div>          <\/div>    <style>      \/*pagination styles*\/      #bwg_container1_0 #bwg_container2_0 .tablenav-pages_0 {\t\t\t\ttext-align: center;\t\t\t\tfont-size: 12px;\t\t\t\tfont-family: segoe ui;\t\t\t\tfont-weight: bold;\t\t\t\tcolor: #666666;\t\t\t\tmargin: 6px 0 4px;\t\t\t\tdisplay: block;      }      @media only screen and (max-width : 320px) {      #bwg_container1_0 #bwg_container2_0 .displaying-num_0 {     \t display: none;      }      }      #bwg_container1_0 #bwg_container2_0 .displaying-num_0 {\t\t\t\tfont-size: 12px;\t\t\t\tfont-family: segoe ui;\t\t\t\tfont-weight: bold;\t\t\t\tcolor: #666666;\t\t\t\tmargin-right: 10px;\t\t\t\tvertical-align: middle;      }      #bwg_container1_0 #bwg_container2_0 .paging-input_0 {\t\t\t\tfont-size: 12px;\t\t\t\tfont-family: segoe ui;\t\t\t\tfont-weight: bold;\t\t\t\tcolor: #666666;\t\t\t\tvertical-align: middle;      }      #bwg_container1_0 #bwg_container2_0 .tablenav-pages_0 a.disabled,      #bwg_container1_0 #bwg_container2_0 .tablenav-pages_0 a.disabled:hover,      #bwg_container1_0 #bwg_container2_0 .tablenav-pages_0 a.disabled:focus,\t\t\t#bwg_container1_0 #bwg_container2_0 .tablenav-pages_0 input.bwg_current_page {\t\t\t\tcursor: default;\t\t\t\tcolor: rgba(102, 102, 102, 0.5);      }      #bwg_container1_0 #bwg_container2_0 .tablenav-pages_0 a,      #bwg_container1_0 #bwg_container2_0 .tablenav-pages_0 input.bwg_current_page {\t\t\t\tcursor: pointer;\t\t\t\ttext-align: center;\t\t\t\tfont-size: 12px;\t\t\t\tfont-family: segoe ui;\t\t\t\tfont-weight: bold;\t\t\t\tcolor: #666666;\t\t\t\ttext-decoration: none;\t\t\t\tpadding: 3px 6px;\t\t\t\tmargin: 0;\t\t\t\tborder-radius: 0;\t\t\t\tborder-style: solid;\t\t\t\tborder-width: 1px;\t\t\t\tborder-color: #E3E3E3;\t\t\t\t\t\t\t\tbackground-color: rgba(255, 255, 255, 1.00);\t\t\t\tbox-shadow: 0;\t\t\t\ttransition: all 0.3s ease 0s;-webkit-transition: all 0.3s ease 0s;      }      <\/style>      <span class=\"bwg_nav_cont_0\">              <div class=\"tablenav-pages_0\">                  <\/div>                <input type=\"hidden\" id=\"page_number_0\" name=\"page_number_0\" value=\"1\" \/>      <script type=\"text\/javascript\">        if( jQuery('.bwg_nav_cont_0').length > 1 ) {          jQuery('.bwg_nav_cont_0').first().remove()        }        function spider_page_0(cur, x, y, load_more) {          if (typeof load_more == \"undefined\") {            var load_more = false;          }          if (jQuery(cur).hasClass('disabled')) {            return false;          }          var items_county_0 = 1;          switch (y) {            case 1:              if (x >= items_county_0) {                document.getElementById('page_number_0').value = items_county_0;              }              else {                document.getElementById('page_number_0').value = x + 1;              }              break;            case 2:              document.getElementById('page_number_0').value = items_county_0;              break;            case -1:              if (x == 1) {                document.getElementById('page_number_0').value = 1;              }              else {                document.getElementById('page_number_0').value = x - 1;              }              break;            case -2:              document.getElementById('page_number_0').value = 1;              break;\t\t\t\t\t\tcase 0:              document.getElementById('page_number_0').value = x;              break;            default:              document.getElementById('page_number_0').value = 1;          }          bwg_ajax('gal_front_form_0', '0', 'bwg_thumbnails_0', '0', '', 'gallery', 0, '', '', load_more, '', 1);        }                    jQuery('.first-page-0').on('click', function () {              spider_page_0(this, 1, -2, 'numeric');              return false;            });            jQuery('.prev-page-0').on('click', function () {              spider_page_0(this, 1, -1, 'numeric');              return false;            });            jQuery('.next-page-0').on('click', function () {              spider_page_0(this, 1, 1, 'numeric');              return false;            });            jQuery('.last-page-0').on('click', function () {              spider_page_0(this, 1, 2, 'numeric');              return false;            });        \t\t\t\t\/* Change page on input enter. *\/        function bwg_change_page_0( e, that ) {          if (  e.key == 'Enter' ) {            var to_page = parseInt(jQuery(that).val());            var pages_count = jQuery(that).parents(\".pagination-links\").data(\"pages-count\");            var current_url_param = jQuery(that).attr('data-url-info');            if (to_page > pages_count) {              to_page = 1;            }\t \t\t\t\t\t\t\t\t\t\t\t\tspider_page_0(this, to_page, 0, 'numeric');\t\t\t\t\t\t\treturn false;\t\t\t\t\t\t          }          return true;        }        jQuery('.bwg_load_btn_0').on('click', function () {            spider_page_0(this, 1, 1, true);            return false;        });      <\/script>      <\/span>                <\/div>        <\/form>        <style>          #bwg_container1_0 #bwg_container2_0 #spider_popup_overlay_0 {          background-color: #000000;          opacity: 0.70;          }          <\/style>        <div id=\"bwg_spider_popup_loading_0\" class=\"bwg_spider_popup_loading\"><\/div>        <div id=\"spider_popup_overlay_0\" class=\"spider_popup_overlay\" onclick=\"spider_destroypopup(1000)\"><\/div>        <input type=\"hidden\" id=\"bwg_random_seed_0\" value=\"2092854291\">                <\/div>    <\/div>    <script>      if (document.readyState === 'complete') {        if( typeof bwg_main_ready == 'function' ) {          if ( jQuery(\"#bwg_container1_0\").height() ) {            bwg_main_ready(jQuery(\"#bwg_container1_0\"));          }        }      } else {        document.addEventListener('DOMContentLoaded', function() {          if( typeof bwg_main_ready == 'function' ) {            if ( jQuery(\"#bwg_container1_0\").height() ) {             bwg_main_ready(jQuery(\"#bwg_container1_0\"));            }          }        });      }    <\/script>    \n<p><span style=\"display: inline !important; float: none; background-color: #ffffff; color: #191e23; cursor: text; font-family: 'Noto Serif'; font-size: 16px; font-style: normal; font-variant: normal; font-weight: 400; letter-spacing: normal; orphans: 2; text-align: left; text-decoration: none; text-indent: 0px; text-transform: none; -webkit-text-stroke-width: 0px; white-space: normal; word-spacing: 0px;\">&gt; T\u00e9l\u00e9charger la <\/span><strong>fiche descriptive\u00a0<\/strong> <a href=\"https:\/\/www.fol49.org\/laligue49\/wp-content\/uploads\/2020\/02\/fiches-Bleu-Loire-19-11.pdf\" target=\"_blank\" rel=\"attachment noopener wp-att-1834 noreferrer\"><img decoding=\"async\" class=\"alignnone wp-image-1834 size-full\" src=\"https:\/\/www.fol49.org\/laligue49\/wp-content\/uploads\/2017\/04\/picto-telechargement-01-e1491490512395.png\" alt=\"\" width=\"40\" height=\"41\" \/><\/a><\/li>\n<\/ul>\n<p>\t\t<\/div>\n\n\t\t<br \/>\n\n\t\t\t\t\t<h3 role=\"button\" id=\"accordion-1-t2\" class=\"accordion-title js-accordion-controller\" aria-controls=\"accordion-1-c2\" aria-expanded=\"false\" tabindex=\"0\">\n\t\t\t\t\u00c0 proximit\u00e9 \t\t\t<\/h3>\n\t\t\n\t\t<div id=\"accordion-1-c2\" class=\"accordion-content\" aria-hidden=\"true\">\n\t\t\t<\/p>\n<p>Id\u00e9alement situ\u00e9 \u00e0 10min d&#8217;Angers pour organiser vos stages sportifs, le regroupement de vos athl\u00e8tes lors de rencontres sportives ou comp\u00e9titions. Vous pourrez \u00e9galement y organiser vos weekends entre amis ou en famille, s\u00e9minaires, r\u00e9unions ou tout autre rassemblement&#8230;\u00a0et \u00e0\u00a02min de l&#8217;Ar\u00e9na Loire de Tr\u00e9laz\u00e9 pour un weekend \u00e9v\u00e8nement!<\/p>\n<p>Proche de tous commerces, ce g\u00eete de ville vous s\u00e9duira pour sa fonctionnalit\u00e9.<\/p>\n<p>C&#8217;est aussi le point de d\u00e9part id\u00e9al pour vos excursions \u00e0 la journ\u00e9e : Terra Botanica, Bioparc de Dou\u00e9-la-Fontaine, troglodytes et caves du saumurois, vignes, Ch\u00e2teau d&#8217;Angers, Ch\u00e2teaux de la Loire, Vall\u00e9e de la Loire,\u00a0\u2026<\/p>\n<p>\t\t<\/div>\n\n\t\t<br \/>\n\n\t\t\t\t\t<h3 role=\"button\" id=\"accordion-1-t3\" class=\"accordion-title js-accordion-controller\" aria-controls=\"accordion-1-c3\" aria-expanded=\"false\" tabindex=\"0\">\n\t\t\t\tContact \t\t\t<\/h3>\n\t\t\n\t\t<div id=\"accordion-1-c3\" class=\"accordion-content\" aria-hidden=\"true\">\n\t\t\t<\/p>\n<p>Pour plus d&#8217;informations ou pour un devis, contactez-nous :<br \/>\nCentre Bou\u00ebss\u00e9-La Garenne<br \/>\n7 Route de Nantes, 49610 M\u00fbrs- \u00c9rign\u00e9<br \/>\n02 41 57 71 10<br \/>\ncentrebouesselagarenne@fol49.org<br \/>\n\t\t<\/div>\n\n\t\t<\/div>\n","protected":false},"excerpt":{"rendered":"<p>Situ\u00e9 \u00e0 Tr\u00e9laz\u00e9, au c\u0153ur de l&#8217;Anjou, le g\u00eete de groupe Bleu Loire, avec ses 34 couchages, vous accueillera dans un cadre\u00a0calme et confortable.<\/p>\n","protected":false},"author":1,"featured_media":0,"parent":0,"menu_order":0,"comment_status":"closed","ping_status":"closed","template":"","meta":{"jetpack_post_was_ever_published":false,"footnotes":""},"class_list":["post-2804","page","type-page","status-publish","hentry"],"jetpack_sharing_enabled":true,"jetpack_shortlink":"https:\/\/wp.me\/P8tWm3-Je","_links":{"self":[{"href":"https:\/\/www.fol49.org\/laligue49\/wp-json\/wp\/v2\/pages\/2804","targetHints":{"allow":["GET"]}}],"collection":[{"href":"https:\/\/www.fol49.org\/laligue49\/wp-json\/wp\/v2\/pages"}],"about":[{"href":"https:\/\/www.fol49.org\/laligue49\/wp-json\/wp\/v2\/types\/page"}],"author":[{"embeddable":true,"href":"https:\/\/www.fol49.org\/laligue49\/wp-json\/wp\/v2\/users\/1"}],"replies":[{"embeddable":true,"href":"https:\/\/www.fol49.org\/laligue49\/wp-json\/wp\/v2\/comments?post=2804"}],"version-history":[{"count":28,"href":"https:\/\/www.fol49.org\/laligue49\/wp-json\/wp\/v2\/pages\/2804\/revisions"}],"predecessor-version":[{"id":6386,"href":"https:\/\/www.fol49.org\/laligue49\/wp-json\/wp\/v2\/pages\/2804\/revisions\/6386"}],"wp:attachment":[{"href":"https:\/\/www.fol49.org\/laligue49\/wp-json\/wp\/v2\/media?parent=2804"}],"curies":[{"name":"wp","href":"https:\/\/api.w.org\/{rel}","templated":true}]}}